is the units digit of o?
9
Suppose -7 = -4*n + 13, 0 = 4*v - 2*n + 2. Suppose 0 = 5*p - 4*p - v*o - 378, o = -5*p + 1912. Suppose u - p = -u. What is the units digit of u?
1
Let k(a) = -21*a**2 + 15*a + 23. Let o be k(-8). Let v = -778 - o. What is the tens digit of v?
6
Let x(w) = -113*w**3 + 12*w**2 + 65*w - 14. What is the thousands digit of x(-6)?
4
Suppose 2*q = -4*b - 5486, 89*b - 3*q = 92*b + 4107. Let i = b + 2463. What is the thousands digit of i?
1
Let c(g) = 3226*g + 223. What is the hundreds digit of c(14)?
3
Suppose 22*o - 7857 = 107753. What is the units digit of o?
5
Suppose -2*x - 33 = -3*i, 5*i - 23 = -5*x + 7. Suppose -70*u - 90 = -75*u. Let p = i + u. What is the tens digit of p?
2
Suppose -3*w = 4*g + g - 10, 3*g - 4*w = 35. What is the units digit of (g - (254 - 5))/(-1)?
4
Let r = 10370 - -36. What is the hundreds digit of r?
4
Let v(u) = -89*u + 326. Let l(o) = -441*o + 1631. Let m(r) = 3*l(r) - 14*v(r). What is the units digit of m(-8)?
5
Let h(l) = 26*l**2 - 11*l - 176. What is the tens digit of h(10)?
1
Let n(h) = -838*h**3 + 2*h**2 + 2*h + 1. What is the units digit of n(-2)?
9
What is the hundreds digit of 8326344/468 - 7/3?
7
Let t = -8 + 322. Let d = -165 + t. What is the units digit of d?
9
Suppose -5 = 3*x + 1, -4*x + 28996 = 4*m. What is the hundreds digit of m?
2
Suppose 5*q - 4 = -39. Let w(k) = 10*k**2 - 9*k - 3. Let a be w(q). Suppose 2*h - a = -72. What is the tens digit of h?
3
Suppose 13994 = 15*a - 41461. What is the units digit of a?
7
Let v(r) = -3*r**2 - 12*r + 42. Let j(z) = -2*z**2 - 13*z + 42. Let i(x) = 5*j(x) - 4*v(x). What is the hundreds digit of i(14)?
1
Suppose 5*y - 3*p - 211726 = 0, 6*p = -42*y + 44*y - 84724. What is the units digit of y?
1
Let d(i) = -i**3 + 4*i**2 + i - 4. Let o be d(3). Let y = o + 18. Suppose -58 = -7*a + y. What is the tens digit of a?
1
Let t = 2067 + 3289. What is the units digit of t?
6
Suppose -99*l + 576673 = -266510. What is the units digit of l?
7
Suppose -4*d = -302 + 1538. Let f be 8/(-32) - d/4. Let u = f + -16. What is the tens digit of u?
6
Let f(a) = 3867*a**2 - 77*a + 76. What is the hundreds digit of f(1)?
8
Let f = 38 - 4. Suppose 2*v = -0*v - f. What is the hundreds digit of 17/(v/(-138)) + 0 + -3?
1
Let u be ((-2)/3)/((8 + 9)/(-51)). Suppose 5*g + 1507 = u*z, 7*z - 5*z - 1510 = 4*g. What is the hundreds digit of z?
7
Let s = -15304 - -24718. What is the units digit of s?
4
Let a(q) = -q**3 + 103*q**2 + 116*q - 624. What is the hundreds digit of a(97)?
0
Let r(m) = -445*m + 2413. What is the ten thousands digit of r(-18)?
1
Let r(z) be the first derivative of -65*z**2 - 88*z - 87. What is the hundreds digit of r(-4)?
4
Let r(d) be the first derivative of -12*d**4 - 2*d**3/3 + d**2 + 2*d + 30. What is the units digit of r(-2)?
4
Let n(z) = -5*z - 34. Let q be n(-8). Suppose -5*o - 3*c - 12 = -7*o, o = 5*c + q. Suppose 5*m = -o*m + 770. What is the units digit of m?
0
Let d = 3506 + 592. What is the hundreds digit of d?
0
Let q(n) = -4*n + 97. Let o(c) = 4*c + 6. Let j be o(2). What is the units digit of q(j)?
1
Let y = 30 + -6. Let n = y - 21. Suppose -4*i = a - 327, 4 = -n*a - a. What is the units digit of i?
2
Let c be 36/(-270) - (-124)/30. What is the units digit of ((-15694)/76)/((-2)/c)?
3
Let z(h) = -2*h**3 - 17*h**2 + 10*h. Let r be z(-9). Let b be (r/6)/(3/(-704)). Suppose -b = 3*t - 11*t. What is the tens digit of t?
4
Let i be (-1381)/(-7) - (176/28 - 6). Let f = i + -23. Suppose 5*r + f = w - 36, -w + 238 = 2*r. What is the hundreds digit of w?
2
Let i = 1954 - 816. What is the tens digit of i?
3
Let v(g) = 9*g**2 + 24*g + 8. Let k(f) = 5*f**2 + 13*f + 4. Let j(m) = -5*k(m) + 3*v(m). Let x = -8 - -1. What is the units digit of j(x)?
3
Let h(m) = -62*m + 13543. What is the tens digit of h(21)?
4
Let j = -366 - -362. Let g(n) = -9 + n + 10*n**2 + n + 2. What is the hundreds digit of g(j)?
1
Suppose 168*d - 165*d = -b + 4539, -18108 = -4*b + 4*d. What is the tens digit of b?
3
Let z(c) = c**2 + 11*c + 51. Suppose -7 = 2*u + 1, -b = 5*u + 47. Let o be z(b). Suppose -385 - o = -7*y. What is the hundreds digit of y?
1
Let h(z) = z**3 + 9*z**2 - 12*z - 12. Let g be h(-10). Suppose 2*r + 267 = g*q - 7*q, -3*r = 3*q - 837. What is the tens digit of q?
7
Let k = -27 - -33. Suppose -k*i + 2*i = -b, -4*b = 4*i. Suppose b*v - 31 = -z + 2*v, -4*z + v + 110 = 0. What is the units digit of z?
7
Let c(f) = 1094*f - 481. What is the thousands digit of c(9)?
9
Let t = -27879 + 56732. What is the hundreds digit of t?
8
Suppose g = -5*l + 9*l + 48, -5*g + 303 = l. What is the tens digit of (g/(-25))/(8/(-620))?
8
Let o be 2920/(-88) + (-4)/(-22). Let j be (-6)/o - (-14760)/132. Let t = j - 63. What is the tens digit of t?
4
Suppose 6 = t, -43472 = -3*i + 5*t - 14891. What is the thousands digit of i?
9
Let q(v) = 2115*v**3 + v**2 - 9*v + 9. Let c be q(1). Let x = c + -1160. What is the tens digit of x?
5
Let w be 3/5*(6 - 1). Let z be 1*(6/(-6) + 168). Suppose 0*j + j + 3*i = 85, -2*j + z = w*i. What is the tens digit of j?
8
Suppose 4*q + 4*l - 34398 = -5854, 16 = 4*l. What is the units digit of q?
2
Let s(f) = 2*f**2 + 25*f + 97. Let o = -60 - -49. What is the units digit of s(o)?
4
Suppose -15 = 5*s, 0 = 5*b - 9*s + 6*s - 176059. What is the thousands digit of b?
5
What is the hundreds digit of (-28)/(-322) - (0 - 2994249/69)?
3
Let k(s) = s**2 - 1. Let w(r) = 18*r**2 - 6*r - 22. Let c(i) = -10*k(i) + w(i). Let h be c(6). Suppose j = -5*j + h. What is the tens digit of j?
4
Let d be (1*3/(-3))/1. Let c be -5 - -1 - d*5. Suppose -83 - c = -n. What is the tens digit of n?
8
Let p = 2735 + -1634. What is the thousands digit of p?
1
Suppose 99 + 138 = 5*q - 4*x, 5*q = -2*x + 249. Suppose -y = 10*j - 5*j + q, -y - 49 = -3*j. Let u = 73 + y. What is the tens digit of u?
2
Let x be 12/10 - (-4576)/220. Suppose -x*f - 9335 = -27*f. What is the units digit of f?
7
Suppose -3*t - 4942 = 4*g, 4*g = 3*t + 2*t + 8258. Let k = -659 - t. What is the hundreds digit of k?
9
Let r = -12898 - -19459. What is the tens digit of r?
6
Let h(x) = 3*x**3 - 2*x**2 + 4*x - 2. Let d be h(2). Suppose -a - 15 = -2*g + 4*a, -3*a = 5*g - d. Suppose g*y = -0*y + 30. What is the units digit of y?
6
Let j(s) = -1728*s - 277. What is the tens digit of j(-5)?
6
Suppose 0 = 34*h + 8*h - 447874 - 98630. What is the units digit of h?
2
Suppose 5*a = 7*r - 2*r + 125, 2*r - 22 = -a. Suppose -4*x = -616 + a. Let n = -85 + x. What is the tens digit of n?
6
Suppose 6*m - 2*m = 16. Suppose 0 = -d + m*o + 345, 15*o - 305 = -d + 11*o. What is the hundreds digit of d?
3
Let a(d) = -d**2 - 9*d + 22. Let b be a(-11). Suppose b*y - 2*i = 3*y - 114, 76 = 2*y + 3*i. What is the units digit of y?
8
What is the units digit of (5 + -1)/((4/(-7))/(392310/(-315)))?
8
Suppose -50*i = -29*i + 147. Let z(p) = p**2 + p + 1. Let q(t) = -5*t**2 - 20*t - 14. Let a(s) = -q(s) - 2*z(s). What is the tens digit of a(i)?
3
Let k(y) = -2*y - 16. Let z be k(-6). What is the tens digit of z + -1 + (179 - -5)?
7
Suppose -2 = t + q, 1 = 4*t - q + 4. Let a(v) = 10*v**3 - 2*v - 2. Let g be a(t). What is the tens digit of (-494)/g - (-8)/(-20)?
4
Suppose 3*l = v - 25, 2 = -v - 0. Let s be l/(9/(-4)) + -18. Let h(b) = b**2 + 4*b - 41. What is the units digit of h(s)?
9
Let i(t) = 30*t**2 + 14*t + 65. Let x(r) = 30*r**2 + 13*r + 59. Let n(j) = -4*i(j) + 5*x(j). What is the hundreds digit of n(-3)?
2
Let j(h) = -h**2 + 17*h - 47. Let q be j(14). What is the tens digit of (9 + q)*(-249)/(-6)?
6
Let b(v) = -47*v**3 - 50*v**3 - 5*v - 48*v**3 + 4*v**2 + 189*v**3 - 26 - 46*v**3. What is the units digit of b(-5)?
9
Let t = 1479 + -380. Suppose -216*d = -217*d + t. What is the tens digit of d?
9
What is the hundreds digit of (-4879726)/(-258) + (-3)/(-9)?
9
Let t(k) = 265*k**2 + 5*k + 1. Let x be t(-1). What is the tens digit of x/(-81)*-6*3?
5
Suppose -880251 = -690*f + 633*f. What is the hundreds digit of f?
4
Let g(n) = -n**2 + 10*n - 11. Let f be g(9). Let t be (-1 + 5)/2 + f. Suppose -2*y - 30 - 21 = -x, -3*x + 2*y + 173 = t. What is the tens digit of x?
6
Suppose 150115 = 5*h + 5*f, -269*h = -273*h - 3*f + 120086. What is the thousands digit of h?
0
Let c(t) = -5*t**3 - 2*t**2 + 7*t - 7. Let u be c(-6). Suppose 7*s - 882 - u = 0. Sup